 the prime factors of b.
2, 13, 199
Suppose -204*a = -65*a - 1643953. What are the prime factors of a?
11827
Suppose 88 = 3*q - 5*o, 0 = 5*q + 2*o - 135 - 22. Suppose -4*n = -4*d - 1816, -3*d = 3*n - q - 1337. What are the prime factors of n?
5, 7, 13
Suppose -471466 - 83828 = -19*v. Suppose 105390 = 44*s + v. What are the prime factors of s?
3, 577
Let g be ((-4)/6)/((-6)/45). Suppose 4*z = 4*m - 28, -m = -z - g*m - 12. What are the prime factors of z/(86/90 + -1)?
2, 3, 5
What are the prime factors of 11*1*2868*198/216?
11, 239
Let m = -29 + 30. Let s(g) = -105*g**3 - 2*g**2 + 2*g - 1. Let w be s(m). Let b = 179 + w. What are the prime factors of b?
73
Let v = -140 - 886. Let g = v + 1460. What are the prime factors of g?
2, 7, 31
Let t = -184 + 344. Suppose 102*u = 101*u + t. List the prime factors of u.
2, 5
Let n = 93 - 91. Suppose x + 56 = j - n*x, -53 = -j + 4*x. Suppose -2*k + j = -79. List the prime factors of k.
2, 3
Suppose 698 = -4*g + 110. Let h = g + 279. Let d = -106 + h. What are the prime factors of d?
2, 13
Let r(g) = g - 2. Let w be r(4). Suppose -5*s = 2*n - 1689, s - 3*n = -w*n + 342. What are the prime factors of s?
3, 113
Let d(j) = j**3 + 73*j**2 - 93*j + 981. List the prime factors of d(-74).
7, 11, 31
Suppose 2*c + 864 - 17286 = 0. Suppose -5*m + 2*m = -c. What are the prime factors of (-3)/15 - m/(-35)?
2, 3, 13
Suppose 0 = 33*t - 179 - 19. List the prime factors of -14*2*(-177)/t.
2, 7, 59
Suppose 2*c + 4*g = -70, 5*c - 2*g = g - 201. Let n be (1 - 273/2)/(c/78). Suppose -677 - n = -4*l. What are the prime factors of l?
3, 79
Let v(a) = 40*a**2 - 7*a - 3. Suppose 62*s - 60*s - 10 = 0. Suppose -s*h - 2 = 8. List the prime factors of v(h).
3, 19
Suppose 6*m - 4*m + 3*a = 25, 2*m = 4*a + 46. Suppose -13*b + 5092 = -m. What are the prime factors of b?
3, 131
Suppose h - 148 = 129. Suppose 1018 = n - h. Suppose i - n = -4*i. What are the prime factors of i?
7, 37
Suppose -37*f + 584190 = 16*f + 96272. List the prime factors of f.
2, 4603
Suppose 5*d = p + 10635, -2*d - p - 7*p = -4254. What are the prime factors of d?
3, 709
Suppose 98*l + 463088 = 1719840. What are the prime factors of l?
2, 7, 229
Let h be (3/(-6))/((-1)/6). Suppose -1353 = -4*y - 3*w, -5*w - 2144 + 479 = -5*y. Suppose -9*f + y = -h*f. What are the prime factors of f?
2, 7
Suppose 5*l - 2*f = 8*l + 166, 1 = f. Suppose m + 516 = -5*i, -2*i - 104 = -i + m. Let a = l - i. What are the prime factors of a?
47
Let y = -703 - -1657. Suppose -y = -6*n + 504. What are the prime factors of n?
3
Let z(j) = 10*j**2 + 5*j - 7. Let y be z(3). Let i be y/42 - ((-4)/(-3) + -2). Let g(a) = 72*a + 16. What are the prime factors of g(i)?
2, 29
Let o be 808/((-1)/(-2)*(-10)/(-15)). Suppose -89 = -7*k + o. What are the prime factors of k?
359
Suppose -2*p - 3*l + 91299 = 0, 3*p - 24806 = l + 112115. List the prime factors of p.
2, 3, 7607
Suppose 458 = 20*l - 22*l. Let p = l + 262. What are the prime factors of p?
3, 11
Let n be -15*(-1)/(-6)*(-12)/5. Suppose n*s - 246 = 66. Let u = 101 - s. What are the prime factors of u?
7
Let k = 112 - 38. Let x = k + -70. Suppose 0 = -3*l - 5*g + 263, l + x*g - 3*g - 91 = 0. What are the prime factors of l?
2, 3
Let i = 627 + -629. Let t(m) be the third derivative of -29*m**4/8 + m**3/3 - m**2. List the prime factors of t(i).
2, 11
Suppose -5*y = -2*n + 60969, 43*y + 35 = 38*y. What are the prime factors of n?
30467
What are the prime factors of 21055 - -10*13/(-10 + -3)?
3, 5, 23, 61
Let l(i) = 9*i - 118. Let x be l(13). List the prime factors of (-48)/48 + (-1 + x - -347).
2, 43
Suppose -26 = -2*m + 14. Let p = m - 13. Suppose -p*q + 761 + 9 = 0. List the prime factors of q.
2, 5, 11
Suppose -4*m + 229*k = 232*k - 62386, 0 = 4*m + 4*k - 62392. What are the prime factors of m?
2, 1949
Let u be 3*-1*(-16)/12. Suppose 0 = u*y - 7*y + 480. Suppose -4*w + 128 = f, -y = -5*w - 0*f - 2*f. List the prime factors of w.
2
Let v(c) = -12*c + 1114. What are the prime factors of v(-8)?
2, 5, 11
Let i(j) = j**2 + 15*j - 10. Suppose 5*k - 8*k = 0. Suppose k = 18*w - 15*w + 48. What are the prime factors of i(w)?
2, 3
Suppose -m - 3*r = 72 - 0, 0 = -3*m - 2*r - 251. Let w be (8384/(-288))/((-24)/(-108)). Let u = m - w. What are the prime factors of u?
2, 11
Suppose -c - 3*c = -280. Let m = c - 63. List the prime factors of (-171)/(-3) + (m - 4).
2, 3, 5
Let n(k) = k**2 - k + 21. Let h be n(5). Let x = 45 - h. Suppose -x*c + 45 = -2*l + 7*l, 66 = 5*c + 3*l. What are the prime factors of c?
3, 5
Suppose 4*d = 21 + 11. Suppose 276*i = 273*i + 12. What are the prime factors of 117 + 0/(d/i)?
3, 13
Let v be 697 + 2*(6 + -3). Let u = 2335 - v. List the prime factors of u.
2, 3, 17
Suppose 228*n - 290940 = 213*n. What are the prime factors of n?
2, 13, 373
Let y(k) be the third derivative of -103*k**6/60 + k**4/8 + k**3/6 - 33*k**2. Suppose 5*u - 3*w + 0 = -14, 5*w = 15. What are the prime factors of y(u)?
2, 3, 17
Suppose 4*q = -2*o + 494, 0*o + 5*q + 458 = 2*o. Suppose -3*f + 1382 = o. List the prime factors of f.
3, 127
Suppose 2*s - 2220 = 7584. List the prime factors of s.
2, 3, 19, 43
Suppose -98706 + 11286 = -30*v. What are the prime factors of v?
2, 31, 47
Let l = -52 + -11. Let q = -63 - l. Suppose q = -p + 5, 181 = 4*j - p - 2*p. List the prime factors of j.
7
Suppose -5*r - 25 = -5. Let m be (72/r)/((-3)/(-24)). Let j = 256 + m. List the prime factors of j.
2, 7
Let q(t) = 7*t - 3. Let a be q(6). Let y(g) = 19*g - 53. What are the prime factors of y(a)?
2, 43
Let f = 530 - 372. Let q = f - 152. What are the prime factors of q?
2, 3
Suppose -53*a = -4854 - 17428 + 5057. What are the prime factors of a?
5, 13
Suppose 3*u - 1486 = 2*d + 2*d, 3*d - 2438 = -5*u. Let p = -119 + u. Suppose 2*w = 5*r + 167, -5 = -4*w - 4*r + p. What are the prime factors of w?
7, 13
Let m(x) = -x**2 + 5*x + 18. Let v be m(7). List the prime factors of ((-6)/(-8))/(v - (-1435)/(-360)).
2, 3
Suppose -16*a + 15*a = -7. Suppose 0 = -a*j + 3*j + 4. List the prime factors of -1*j*(-1 - (181 - 1)).
181
Let t(a) = -77*a - 2. Let f be t(-2). Suppose f = 2*v - 336. List the prime factors of v.
2, 61
Let f = -53 + 111. Let z = 60 - f. Suppose z*h - 57 - 201 = 0. List the prime factors of h.
3, 43
Suppose -339*k = -335*k - 352. Suppose 82*v - k*v = -1782. List the prime factors of v.
3, 11
Suppose -4*o - 313 = -5*p + 2, -4*o = 5*p - 275. Let g = -22 + p. Suppose 2*b + g = 177. What are the prime factors of b?
2, 5, 7
Let w = 4139 + -3406. What are the prime factors of w?
733
Let m be 4 - -1 - (-5 - 608). Suppose a = 3*a - m. What are the prime factors of a?
3, 103
Let m(c) = 83*c**2 - 230*c + 14. What are the prime factors of m(-6)?
2, 7, 313
List the prime factors of 3/12*3 - (-55801250)/1000.
2, 27901
Let g = -5319 + 8276. What are the prime factors of g?
2957
Let o(x) = -7*x - 33. Let n be o(-6). Let u be (-2)/((12/n)/(-2)). Suppose -2*t = -2, 2*t + 1 = -u*c + 4*c. What are the prime factors of c?
3
Let j = 908 - 904. Suppose 3010 = 4*y - 2*u, 3*y = 4*y + j*u - 748. List the prime factors of y.
2, 47
Suppose -4*z + 2*t - 72 = 0, 0*z + 54 = -3*z + t. Let d = 3 + z. Let w(v) = -v**2 - 25*v + 17. What are the prime factors of w(d)?
167
Let j(i) = 6*i - 26. Let q be j(7). Let d(n) = 16*n**2 - 10*n**2 - 6*n**2 - 13 - 14*n + n**2. List the prime factors of d(q).
19
Suppose -52 = 12*u - 256. Suppose u*l - 19*l = -92. What are the prime factors of l?
2, 23
What are the prime factors of 59/7 + (-174)/406 + 10438?
2, 3, 1741
Let z = -50 - -56. Suppose -3*h + z*h = 4*m + 19, -2*h + 14 = -3*m. What are the prime factors of (-2577)/(-21) + (-2)/(-7) + h?
2, 31
Let f(d) = d**3 - 13*d**2 + 28*d - 6. Let y be f(14). Let t = -32 - -37. Suppose s + 3*s - 444 = -3*j, 0 = -t*s + 3*j + y. What are the prime factors of s?
2, 3, 19
Suppose -6*g - g + 18263 = 0. Let k = g + -1764. What are the prime factors of k?
5, 13
Let d = -51 - -48. Let h be 2 - -2244 - 3*(-1)/d. What are the prime factors of h/25 - (8/10 - 1)?
2, 3, 5
What are the prime factors of 48398*(-6)/(-12) + -2 + -1 + 1?
24197
Let r(v) = 4*v**2 - 2*v + 1. Let y be r(1). Suppose -y*d = 4*s - 164, s - 3 = 4*s. What are the prime factors of (-19)/2*d/(-12)*3?
7, 19
Let l(a) = a**3 + 45*a**2 - 17*a - 908. What are the prime factors of l